ase 9) to base 6
-112
121 (base 7) to base 9
71
What is 31 (base 8) in base 15?
1a
Convert 3 (base 9) to base 4.
3
Convert 22 (base 10) to base 9.
24
305 (base 6) to base 14
81
What is 361 (base 8) in base 13?
157
What is 20 (base 7) in base 13?
11
Convert 9 (base 10) to base 7.
12
Convert -a3 (base 14) to base 10.
-143
Convert -6e (base 15) to base 2.
-1101000
-49 (base 10) to base 7
-100
-1 (base 15) to base 9
-1
What is -4 (base 15) in base 5?
-4
3 (base 7) to base 9
3
9 (base 16) to base 12
9
Convert 20 (base 15) to base 3.
1010
0 (base 4) to base 6
0
Convert -145 (base 6) to base 3.
-2102
-101 (base 3) to base 9
-11
Convert 2 (base 8) to base 11.
2
Convert -154 (base 8) to base 12.
-90
106 (base 8) to base 14
50
What is -33 (base 11) in base 5?
-121
-1101 (base 2) to base 8
-15
-2 (base 8) to base 16
-2
What is 111000 (base 2) in base 11?
51
8 (base 14) to base 5
13
What is -230 (base 10) in base 2?
-11100110
-35 (base 12) to base 13
-32
Convert 0 (base 16) to base 5.
0
10110110 (base 2) to base 4
2312
Convert -1 (base 13) to base 7.
-1
What is -186 (base 12) in base 3?
-100010
Convert -93 (base 14) to base 16.
-81
Convert -1112 (base 3) to base 15.
-2b
What is 1014 (base 5) in base 13?
a4
-4 (base 10) to base 9
-4
4 (base 16) to base 13
4
What is -a (base 14) in base 2?
-1010
a6 (base 11) to base 16
74
-4 (base 12) to base 7
-4
What is 2 (base 14) in base 8?
2
Convert 15 (base 15) to base 16.
14
What is -1 (base 12) in base 7?
-1
What is 3 (base 12) in base 16?
3
67 (base 8) to base 15
3a
What is 3 (base 7) in base 2?
11
Convert -2 (base 5) to base 6.
-2
What is 4 (base 11) in base 4?
10
What is -4 (base 10) in base 8?
-4
What is -15 (base 10) in base 13?
-12
What is -3 (base 15) in base 9?
-3
Convert -2 (base 7) to base 12.
-2
210 (base 3) to base 15
16
-10 (base 4) to base 14
-4
What is -22 (base 3) in base 13?
-8
Convert 0 (base 12) to base 8.
0
12 (base 11) to base 16
d
1 (base 10) to base 4
1
Convert 1 (base 12) to base 15.
1
231 (base 7) to base 2
1111000
-100 (base 2) to base 8
-4
What is -4 (base 9) in base 6?
-4
36 (base 14) to base 6
120
Convert 101000 (base 2) to base 13.
31
What is 1100 (base 2) in base 9?
13
What is 313 (base 6) in base 9?
140
-20 (base 10) to base 15
-15
-15 (base 15) to base 7
-26
55 (base 8) to base 5
140
What is 1 (base 8) in base 6?
1
Convert -8 (base 15) to base 4.
-20
What is 41 (base 8) in base 16?
21
What is -bb (base 12) in base 5?
-1033
What is 7 (base 10) in base 13?
7
44 (base 5) to base 8
30
168 (base 14) to base 11
242
What is -14 (base 7) in base 6?
-15
Convert 2120 (base 3) to base 13.
54
10 (base 5) to base 2
101
What is 26 (base 11) in base 14?
20
101100 (base 2) to base 16
2c
Convert 112 (base 7) to base 12.
4a
Convert 22 (base 4) to base 8.
12
-501 (base 6) to base 10
-181
What is -75 (base 10) in base 6?
-203
What is -2 (base 7) in base 3?
-2
Convert 103 (base 8) to base 4.
1003
-101 (base 3) to base 7
-13
Convert 411 (base 8) to base 3.
100211
Convert 3 (base 14) to base 8.
3
Convert -e (base 15) to base 16.
-e
What is 12 (base 8) in base 10?
10
-81 (base 13) to base 6
-253
Convert -5 (base 14) to base 16.
-5
3 (base 14) to base 9
3
Convert 0 (base 5) to base 2.
0
-5 (base 10) to base 8
-5
-6 (base 13) to base 15
-6
-7 (base 13) to base 6
-11
Convert -7 (base 12) to base 4.
-13
Convert 5 (base 15) to base 11.
5
What is 59 (base 14) in base 11?
72
-1102 (base 4) to base 6
-214
Convert 7 (base 16) to base 2.
111
What is -20 (base 12) in base 4?
-120
What is 21 (base 11) in base 12?
1b
-116 (base 8) to base 15
-53
-1101000 (base 2) to base 16
-68
What is -110 (base 2) in base 15?
-6
Convert -3 (base 7) to base 11.
-3
What is 10 (base 13) in base 5?
23
What is -3 (base 15) in base 2?
-11
-15 (base 8) to base 2
-1101
Convert 5 (base 6) to base 7.
5
2 (base 14) to base 13
2
Convert -101001 (base 2) to base 13.
-32
What is 87 (base 16) in base 6?
343
312 (base 7) to base 4
2130
Convert 63 (base 13) to base 14.
5b
What is -1000 (base 2) in base 6?
-12
What is -b5 (base 13) in base 7?
-301
Convert -302 (base 4) to base 7.
-101
What is -10000 (base 2) in base 6?
-24
-1 (base 15) to base 12
-1
What is -121 (base 7) in base 10?
-64
-64 (base 12) to base 3
-2211
Convert 94 (base 10) to base 12.
7a
-1 (base 3) to base 10
-1
80 (base 10) to base 9
88
13 (base 5) to base 14
8
What is -1d (base 15) in base 4?
-130
Convert d1 (base 15) to base 10.
196
188 (base 9) to base 4
2201
Convert 1211 (base 3) to base 4.
301
Convert -1 (base 10) to base 13.
-1
What is -1230 (base 4) in base 9?
-130
What is -b (base 16) in base 15?
-b
What is 155 (base 8) in base 3?
11001
8 (base 11) to base 4
20
Convert -2100 (base 3) to base 10.
-63
-2 (base 13) to base 3
-2
What is -170 (base 11) in base 14?
-102
2 (base 13) to base 12
2
105 (base 6) to base 10
41
-26 (base 13) to base 4
-200
What is 10 (base 6) in base 14?
6
What is -2 (base 4) in base 3?
-2
What is -4a (base 12) in base 16?
-3a
Convert 123 (base 7) to base 10.
66
30 (base 8) to base 7
33
Convert 0 (base 5) to base 4.
0
What is 5 (base 10) in base 2?
101
What is -1 (base 3) in base 16?
-1
What is 26 (base 7) in base 8?
24
Convert 0 (base 2) to base 14.
0
-7 (base 9) to base 5
-12
Convert 2 (base 3) to base 15.
2
What is 4 (base 8) in base 11?
4
What is -100 (base 4) in base 12?
-14
177 (base 13) to base 10
267
What is 21 (base 11) in base 5?
43
Convert -c9 (base 14) to base 9.
-216
Convert 1 (base 13) to base 11.
1
-6 (base 7) to base 13
-6
Convert -3 (base 11) to base 12.
-3
-1 (base 6) to base 5
-1
Convert 24 (base 10) to base 11.
22
What is -11 (base 2) in base 6?
-3
What is -7 (base 14) in base 11?
-7
166 (base 8) to base 7
226
132 (base 8) to base 11
82
What is -11 (base 10) in base 15?
-b
Convert -1 (base 13) to base 2.
-1
What is 10011010 (base 2) in base 3?
12201
What is 20 (base 11) in base 12?
1a
What is -32 (base 6) in base 7?
-26
What is 11011 (base 2) in base 8?
33
What is -9 (base 13) in base 16?
-9
312 (base 7) to base 12
110
What is 18c (base 14) in base 5?
2240
-1 (base 14) to base 11
-1
-c (base 14) to base 7
-15
Convert 7 (base 16) to base 10.
7
What is 4 (base 8) in base 14?
4
Convert b (base 15) to base 14.
b
60 (base 8) to base 12
40
Convert -14 (base 12) to base 8.
-20
What is -4 (base 9) in base 2?
-100
Convert -2 (base 6) to base 12.
-2
Convert 1323 (base 5) to base 3.
21220
-17 (base 9) to base 3
-121
What is 1 (base 14) in base 3?
1
Convert 20122 (base 3) to base 2.
10110011
-2 (base 6) to base 8
-2
What is -11 (base 4) in base 12?
-5
Convert 10110011 (base 2) to base 13.
10a
Convert 101022 (base 3) to base 16.
116
Convert 3 (base 6) to base 14.
3
Convert a7 (base 14) to base 15.
9c
-96 (base 13) to base 7
-234
Convert 10 (base 5) to base 4.
11
b (base 13) to base 9
12
0 (base 10) to base 3
0
-120 (base 3) to base 11
-14
10010 (base 3) to base 9
103
What is -6 (base 16) in base 5?
-11
Convert -3 (base 10) to base 16.
-3
-21 (base 10) to base 12
-19
-132 (base 4) to base 3
-1010
What is -10111 (base 3) in base 2?
-1011110
What is -14 (base 16) in base 4?
-110
1010010 (base 2) to base 12
6a
Convert -1 (base 7) to base 8.
-1
What is 3 (base 7) in base 16?
3
93 (base 12) to base 10
111
What is -6 (base 12) in base 8?
-6
Convert -6 (base 11) to base 2.
-110
-135 (base 9) to base 13
-89
What is -3 (base 11) in base 15?
-3
What is -1 (base 14) in base 6?
-1
Convert -2a (base 11) to base 7.
-44
26 (base 13) to base 5
112
What is c (base 13) in base 5?
22
6 (base 11) to base 8
6
What is -300 (base 4) in base 3?
-1210
Convert 33 (base 9) to base 2.
11110
-2 (base 7) to base 10
-2
Convert 6 (base 8) to base 7.
6
-1 (base 8) to base 13
-1
-5 (base 8) to base 9
-5
What is 2 (base 4) in base 8?
2
-2b (base 12) to base 9
-38
10100 (base 3) to base 10
90
What is 67 (base 10) in base 12?
57
-23 (base 15) to base 4
-201
-25 (base 16) to base 5
-122
Convert -3 (base 5) to base 10.
-3
130 (base 15) to base 14
154
166 (base 14) to base 9
347
2 (base 4) to base 10
2
24 (base 8) to base 11
19
What is 0 (base 3) in base 5?
0
Convert -1100 (base 2) to base 10.
-12
What is 2 (base 15) in base 14?
2
-40 (base 8) to base 7
-44
0 (base 11) to base 12
0
0 (base 15) to base 11
0
What is -10 (base 16) in base 15?
-11
Convert 5 (base 6) to base 5.
10
115 (base 